4)?
2
Suppose 0 = 5*y + 4*m - 49, -m + 0 + 1 = 0. Suppose -y*n = 13 - 67. What is the units digit of n?
6
Let m(d) = -22*d + 1 + 8*d + 9 - 2. What is the units digit of m(-5)?
8
Suppose 0 = -15*d + 8280 + 6945. What is the hundreds digit of d?
0
Suppose 2*l - 5*f = 10000, 35*f - 31*f = 5*l - 25000. What is the units digit of l?
0
Let c = 300 - -82. What is the hundreds digit of c?
3
Let v be (-2)/(-2) - (2 - 34). Suppose 6 = -k - h - 9, 3*k = 4*h - 59. Let i = v + k. What is the tens digit of i?
1
Let q(z) = 2*z - 1. Let f be (-1)/((-2)/(-3 - 1)). Let h be q(f). What is the units digit of 1*-3*h/3?
5
Let h(a) = -15. Let r(p) = -p - 1. Let t(k) = h(k) - 5*r(k). Let i be (-14)/(-2) + -1 - -1. What is the units digit of t(i)?
5
Let u(z) = -320*z - 12. What is the tens digit of u(-6)?
0
Let t = 10 - -3. Suppose 16*k - 438 = t*k. What is the units digit of k?
6
Let u = -1078 - -2160. What is the units digit of u?
2
Suppose 2 = -p, 7*x + 772 = 9*x - 3*p. What is the units digit of x?
3
Let s be (6/9)/(-4*(-3)/3348). Let v = s + -29. What is the hundreds digit of v?
1
Let g(c) = c**2 + 6*c + 8. Let v = -41 - -58. Let y = 11 - v. What is the units digit of g(y)?
8
What is the thousands digit of 1041 - (-3 + 4 + 7)?
1
Suppose -5*g + 3*k + 5849 = 0, 4*g = -2*k + 6952 - 2286. What is the units digit of g?
8
Suppose -4*n + 1524 = -248. What is the tens digit of n?
4
Suppose 2*o = o + 15. Suppose -3*y = 28*y + 744. Let z = o - y. What is the tens digit of z?
3
Suppose 3*u - 2021 = -2*s, 170*s = 4*u + 174*s - 2692. What is the units digit of u?
5
Let m(i) be the first derivative of -i**3/3 - 13*i**2/2 + 8*i - 2. Let j(r) = -r**2 + 5*r + 25. Let v be j(-4). What is the tens digit of m(v)?
3
Let g(t) = -t**2 - 4*t - 5. Let c be g(-17). Let l = c - -320. What is the units digit of l?
4
What is the units digit of (-12020)/(-30) + (-1)/(-3)?
1
Let p = 193 - 369. What is the units digit of p/12*(-9)/2?
6
Suppose -3881 - 193 = -14*n. What is the hundreds digit of n?
2
Let h(q) = -q**3 + 3*q**2 + 7*q + 3. Let s(n) = -n**3 - 12*n**2 - 11*n + 4. Let x be s(-11). Let t be h(x). Let k = t + 8. What is the units digit of k?
3
Let l(w) = 4*w**3 + 24*w**2 - 5*w - 7. What is the tens digit of l(-6)?
2
Let k = -152 + 136. Suppose -5*b = -7 - 63. Let t = b - k. What is the units digit of t?
0
Let x be 75/9 + (-2)/(-3). Let m be 30/x*(-6)/(-5). Suppose 2*i + m*p - 12 = -0*p, -4*p = -4*i + 84. What is the tens digit of i?
1
Let x(d) = 11*d - 2. Let n be x(5). Let t = 204 + -144. Suppose 22 = 3*i - 4*v - t, -2*i = -v - n. What is the units digit of i?
6
Let z(u) = -2*u - 6. Let k be z(-5). Let l(p) = -k*p - 1 + 5*p + 17. What is the units digit of l(14)?
0
Let i(t) be the second derivative of t**3/6 + 2*t**2 + 17*t. What is the tens digit of i(18)?
2
Let b(s) = s**2 + 9*s - 13. Let w be b(-10). Let k be 3/(-6)*14 - w. Let l(a) = -a**2 - 6*a - 3. What is the units digit of l(k)?
5
Suppose 1581 = 4*q - 5*h, -2*q + h - 6*h + 753 = 0. What is the units digit of q?
9
Suppose -735 = -5*p + 3*r, p - 3*r + 8*r = 119. Suppose p = 5*u - 321. What is the tens digit of u?
9
Suppose -75*q = -9*q - 205326. What is the units digit of q?
1
Suppose 2*z - 6 + 0 = 0, -4*n + 7938 = 2*z. What is the thousands digit of n?
1
Suppose l = -341 + 958. What is the hundreds digit of l?
6
Let h = -599 - -886. What is the hundreds digit of h?
2
Suppose -c - 5*h + 8 = 0, -5*c + 5*h = -2 - 8. Suppose 136 = c*i - 80. What is the units digit of i?
2
Suppose h = -o + 4, 2*h - 7 = -0*h - 3*o. What is the units digit of h?
5
Let l(y) = 4*y**3 - 2*y**2 + 3*y. Suppose j + 2*v - 6 = 3*v, -v - 9 = -4*j. Let r be (-1)/((1/(-2))/j). What is the units digit of l(r)?
0
Suppose -11*c = -22849 - 25419. What is the tens digit of c?
8
Suppose -4*c + c = -3*l - 21, 5*c - 2*l = 38. Let a = c + -6. What is the units digit of a?
2
Let p be 12/8*(-132)/(-9). Suppose -17*d - 25 = -p*d. Let q(z) = -z**3 + 5*z**2 + 2*z - 3. What is the units digit of q(d)?
7
Suppose 3*i - 12 = 5*i. Let m = 6 + i. Suppose m*b + 4*b = 20. What is the units digit of b?
5
Let r = -98 + 106. Let y be (-6 - -4)*2/(-4). What is the units digit of y*4/(r/18)?
9
Suppose 3*b - 3 = 3. Suppose 3*j + 32 = t, b*t + 0*t - 80 = 2*j. What is the units digit of t?
4
Let s(q) = q - 6*q + 8*q + 17. What is the units digit of s(11)?
0
What is the units digit of ((-54)/8)/((-15)/880)?
6
Let t(x) = 151*x**2 + 27*x + 1. What is the units digit of t(-1)?
5
Suppose -4*p = 5*d - 0*p - 82, 2*d + 2*p - 32 = 0. Suppose t - 9 = -b, -51 = -b + 5*t - d. What is the units digit of b?
3
Suppose -2156 - 3394 = -5*z. Suppose 14*f - 8*f - z = 0. What is the tens digit of f?
8
What is the units digit of 30/(-15) + 5452 + 3?
3
Suppose u = -2*w + 3396, w + 120 = -5*u + 1818. What is the units digit of w?
8
Let n(o) = 21*o**3 + o**2 + o - 4. Let d be n(2). Suppose s + l - 13 = 31, 4*s - d = -l. What is the units digit of s?
2
Let u = 88 - -49. What is the hundreds digit of u?
1
Suppose -39*k + 11*k + 28280 = 0. What is the units digit of k?
0
What is the hundreds digit of 11115/234*(-48)/(-10)?
2
Suppose -3*h + 359 + 2107 = 0. What is the units digit of h?
2
Let m = 637 - 229. What is the hundreds digit of m?
4
Suppose -2*w = 2*a - 3624, 0 = -104*a + 105*a - 5*w - 1800. What is the thousands digit of a?
1
Let j = 7963 + -5124. What is the thousands digit of j?
2
Let m(o) = -5*o**3 + 58*o**2 + 28*o - 9. What is the units digit of m(12)?
9
Suppose 4*g + 5 = 9. What is the units digit of 1 + -4 + g + 18?
6
Let d = 0 + -6. Let a(b) = -b**3 + 2*b**2 + 4. Let i be a(d). Suppose -5*g + 4*s + i = 0, 3*s - 5*s + 106 = 2*g. What is the tens digit of g?
5
Suppose 3*x = 3, 5*q - 21*x = -16*x + 3485. What is the tens digit of q?
9
Let w be (14 + -9)*(-2 - -1). What is the units digit of 73 - (w + 2)/1?
6
Let u be (-156)/(-7)*105/10. Suppose -8*s - u = -10*s. What is the tens digit of s?
1
Let y be 7/4 + 1/4. Let d(q) = q**2 - 3*q + 6*q**2 - 6*q**2 + y + 0. What is the units digit of d(5)?
2
Suppose -2*l + 21 = 5*l. Suppose 0 = s + l*h - 77, 23 = s + 5*h - 62. What is the units digit of s?
5
Suppose -32*w = -19*w - 10933. What is the units digit of w?
1
Let m = 1255 + 2330. What is the thousands digit of m?
3
Let w = -3 - -12. Let u = -6 + w. What is the units digit of (3 - (u - 4)) + 8?
2
Suppose 5*u - 8*u = -24. Let d(x) = x**2 - 8*x + 8. Let i be d(u). Let c = 15 - i. What is the units digit of c?
7
Let c(j) = j**2 - j + 191. Let i = -66 - -66. What is the units digit of c(i)?
1
Let r = 316 + -93. Suppose 5*l - 165 = -3*i + 207, 3*l - r = -2*i. What is the tens digit of l?
7
Suppose -2*y - 5447 = -5*i + y, -y - 5449 = -5*i. What is the units digit of i?
0
Suppose 11*j + 80 = 16*j. Let z = 20 - j. Suppose 4*i - 2*k - 47 = 135, z*i = 3*k + 179. What is the tens digit of i?
4
Let s(g) = g**2 + 4*g + 83. What is the tens digit of s(16)?
0
Let v(q) = q**2 + q - 3. Let n(t) = -t**2 - 6*t - 3. Let u be n(-5). Suppose u*s - 4 = 2. What is the units digit of v(s)?
9
Suppose 15 = c + 4*f, -2*c + c - f + 18 = 0. Suppose c*p = 17*p + 502. What is the units digit of p?
1
Let p = -1834 - -3284. What is the hundreds digit of p?
4
Let n(d) = 2*d**3 + 3*d**2 - 3*d + 1. Let z be n(-3). Suppose -3*g + 0*g - 9 = 0. What is the tens digit of (-10)/(g - z/6)?
6
Let q(j) = j**2 + 15. Let i(k) = 2*k**2 - k + 31. Let d(c) = -3*i(c) + 7*q(c). What is the units digit of d(-10)?
2
Let z(h) = 6*h**2 + 17*h + 480. What is the thousands digit of z(-14)?
1
Suppose 0 = 2*h - 3*s - 357, 0 = 5*h + 2*s - 614 - 269. What is the tens digit of h?
7
Let w = -228 + 606. What is the units digit of w?
8
What is the tens digit of (-13 + 14)*(-1 + 0)*-19?
1
Let g = -6504 + 11176. What is the units digit of g?
2
Suppose 912 = 3*d - 4*v, -v = 5*d - 2*v - 1520. What is the hundreds digit of d?
3
Suppose -6*x + 8*x - 784 = 0. What is the tens digit of x?
9
Suppose -3*j - 9765 = 4*u - 27273, 3*u = 4*j + 13131. What is the tens digit of u?
7
Let m be (18/(-15))/((-2)/(-10)). Let w be (-9)/m*(-8)/6. Let r(u) = -3*u - 5. What is the units digit of r(w)?
1
Suppose 4*l - 5444 = 3*h - 5*h, -l = 2*h - 1361. What is the units digit of l?
1
Let x = 478 + -337. What is the hundreds digit of x?
1
Suppose 12*t = 8*t + 24. Let r be ((-8)/(-6))/(4/t). What is 